
False
Is 2138 a prime number?
False
Is 251117 composite?
False
Is 211 prime?
True
Is 79687 a prime number?
True
Is 1588159 a prime number?
True
Is 124441 a prime number?
False
Is 1077097 a composite number?
True
Is 22151 prime?
False
Is 153987 a composite number?
True
Is 1657 a prime number?
True
Is 149 prime?
True
Is 93131 prime?
True
Is 61751 a prime number?
True
Is 2064421 prime?
True
Is 98669 prime?
True
Is 16439 a prime number?
False
Is 3557 prime?
True
Is 82021 prime?
True
Is 35879 a composite number?
False
Is 121831 prime?
False
Is 162151 a prime number?
False
Is 58343 prime?
False
Is 26981 prime?
True
Is 33697 composite?
True
Is 35591 a composite number?
False
Is 26557 a composite number?
False
Is 1308487 a prime number?
False
Is 65495 a prime number?
False
Is 69518 composite?
True
Is 129359 a composite number?
True
Is 8927 prime?
False
Is 283298 composite?
True
Is 209497 a composite number?
False
Is 4685 a prime number?
False
Is 12289 a composite number?
False
Is 108863 prime?
True
Is 456553 a prime number?
True
Is 14563 prime?
True
Is 14281 prime?
True
Is 572683 a composite number?
False
Is 125453 composite?
False
Is 12589 prime?
True
Is 148793 composite?
False
Is 26293 composite?
False
Is 22499 prime?
False
Is 93551 a prime number?
False
Is 223085 prime?
False
Is 3778 a prime number?
False
Is 1793 prime?
False
Is 249069 prime?
False
Is 5821 prime?
True
Is 68143 prime?
False
Is 3713 composite?
True
Is 7993 composite?
False
Is 23093 composite?
True
Is 381 a composite number?
True
Is 46847 a prime number?
False
Is 1578757 a prime number?
False
Is 6841 prime?
True
Is 2153 prime?
True
Is 27257 a composite number?
True
Is 414379 composite?
True
Is 484357 a composite number?
True
Is 9535 composite?
True
Is 1033327 composite?
True
Is 1228531 a composite number?
True
Is 284111 a prime number?
True
Is 45897 prime?
False
Is 6115 composite?
True
Is 1071419 a prime number?
True
Is 83311 a prime number?
True
Is 1061 a prime number?
True
Is 216259 prime?
True
Is 47354 prime?
False
Is 62911 a prime number?
False
Is 1257497 a prime number?
False
Is 111301 a prime number?
True
Is 1459 a prime number?
True
Is 33665 a prime number?
False
Is 553283 a composite number?
True
Is 15661 a composite number?
False
Is 549897 prime?
False
Is 25735 a prime number?
False
Is 3967 prime?
True
Is 7151 a prime number?
True
Is 448727 prime?
True
Is 467149 a composite number?
True
Is 6001 a composite number?
True
Is 34993 prime?
False
Is 500299 composite?
False
Is 5789 composite?
True
Is 436861 prime?
False
Is 45779 a composite number?
False
Is 20621 prime?
False
Is 1543 a composite number?
False
Is 11113 prime?
True
Is 167 a prime number?
True
Is 100511 composite?
False
Is 6649 a prime number?
False
Is 12199 prime?
False
Is 9127 prime?
True
Is 77171 a composite number?
False
Is 41411 a composite number?
False
Is 954613 composite?
True
Is 16418 a composite number?
True
Is 89081 a prime number?
False
Is 161605 prime?
False
Is 676447 a prime number?
False
Is 110851 prime?
False
Is 36691 prime?
True
Is 197539 composite?
False
Is 16739 prime?
False
Is 39089 composite?
False
Is 166407 a composite number?
True
Is 12007 a prime number?
True
Is 4417 a prime number?
False
Is 20849 composite?
False
Is 45481 a prime number?
True
Is 2583517 a composite number?
False
Is 62849 composite?
True
Is 126667 a composite number?
True
Is 53549 composite?
False
Is 4663 prime?
True
Is 20411 composite?
False
Is 57983 prime?
False
Is 14969 prime?
True
Is 139939 prime?
True
Is 52523 a composite number?
True
Is 4943 a prime number?
True
Is 26801 prime?
True
Is 51 prime?
False
Is 452009 prime?
True
Is 12769 prime?
False
Is 273667 composite?
True
Is 17077 a prime number?
True
Is 1299563 composite?
True
Is 331501 a prime number?
True
Is 233183 a prime number?
True
Is 100847 a prime number?
True
Is 73285 a composite number?
True
Is 471241 a prime number?
True
Is 148301 composite?
False
Is 90499 a prime number?
True
Is 109507 a composite number?
False
Is 14939 a composite number?
False
Is 232586 prime?
False
Is 1585 composite?
True
Is 97423 composite?
False
Is 1684873 composite?
False
Is 624269 prime?
False
Is 20611 a composite number?
False
Is 14263 composite?
True
Is 1227777 composite?
True
Is 2897 prime?
True
Is 660461 a composite number?
True
Is 29917 a composite number?
False
Is 186467 composite?
True
Is 2609 composite?
False
Is 41045 a composite number?
True
Is 63253 a composite number?
True
Is 185253 a composite number?
True
Is 29837 prime?
True
Is 887 a composite number?
False
Is 9733 composite?
False
Is 594287 a prime number?
True
Is 35439 a composite number?
True
Is 19307 a prime number?
False
Is 18899 a composite number?
False
Is 2521 composite?
False
Is 760423 prime?
True
Is 63559 composite?
False
Is 11657 prime?
True
Is 77791 composite?
True
Is 371831 composite?
False
Is 934033 a composite number?
False
Is 911 composite?
False
Is 33809 a composite number?
False
Is 1513 a prime number?
False
Is 26661 a composite number?
True
Is 57881 a composite number?
False
Is 26327 a composite number?
True
Is 386079 a composite number?
True
Is 11231 composite?
True
Is 360223 a composite number?
False
Is 12031 prime?
False
Is 350026 a prime number?
False
Is 221783 composite?
True
Is 203349 a composite number?
True
Is 4267 a prime number?
False
Is 12143 a prime number?
True
Is 209591 a composite number?
True
Is 85 composite?
True
Is 379 composite?
False
Is 59441 composite?
False
Is 18741 a prime number?
False
Is 10294 composite?
True
Is 70817 a prime number?
False
Is 12149 prime?
True
Is 23479 prime?
False
Is 1007 prime?
False
Is 296909 prime?
True
Is 10519 a composite number?
True
Is 564881 a prime number?
True
Is 65409 composite?
True
Is 7493 a prime number?
False
Is 3837 a composite number?
True
Is 8147 a prime number?
True
Is 30541 a prime number?
False
Is 194609 prime?
True
Is 69307 a composite number?
True
Is 96107 a prime number?
False
Is 48281 a composite number?
False
Is 629311 a prime number?
True
Is 22433 a composite number?
False
Is 73939 composite?
False
Is 368065 a composite number?
True
Is 233 a prime number?
True
Is 1033927 a composite number?
False
Is 4409 a composite number?
False
Is 222773 composite?
False
Is 92559 a composite number?
True
Is 5209 a composite number?
False
Is 58763 a composite number?
False
Is 512989 a prime number?
True
Is 11789 a composite number?
False
Is 293635 a composite number?
True
Is 206689 a composite number?
True
Is 135061 a prime number?
False
Is 1583149 a prime number?
True
Is 4417 composite?
True
Is 920665 composite?
True
Is 19633 prime?
False
Is 66431 composite?
False
Is 16333 a composite number?
False
Is 14387 a prime number?
True
Is 79247 composite?
True
Is 514 composite?
True
Is 31471 a composite number?
True
Is 103387 a composite number?
False
Is 223511 a composite number?
True
Is 83833 composite?
False
Is 80893 a prime number?
False
Is 169523 a composite number?
False
Is 59287 composite?
True
Is 557 composite?
False
Is 27361 a composite number?
False
Is 25079 prime?
False
Is 176037 a prime number?
False
Is 17569 composite?
False
Is 85 prime?
False
Is 1152341 a prime number?
False
Is 1179349 composite?
True
Is 684898 a composite number?
True
Is 40487 prime?
True
Is 2033 prime?
False
Is 2775667 prime?
True
Is 5711 prime?
True
Is 199 a composite number?
False
Is 2881 prime?
False
Is 8501 a prime number?
True
Is 1201571 a prime number?
False
Is 1355534 a prime number?
False
Is 6863 a composite number?
False
Is 2688109 a composite number?
True
Is 86459 composite?
True
Is 60721 a composite number?
True
Is 4229 a composite number?
False
Is 65393 composite?
False
Is 12251 composite?
False
Is 370949 prime?
True
Is 70765 a composite number?
True
Is 5221 prime?
False
Is 12587 a composite number?
True
Is 83495 composite?
True
Is 122603 composite?
True
Is 512303 prime?
False
Is 22913 a composite number?
True
Is 104695 a prime number?
False
Is 308639 a prime number?
True
Is 222973 a composite number?
True
Is 221849 prime?
True
Is 13829 a prime number?
True
Is 150077 a prime number?
True
Is 19289 prime?
True
Is 11777 a prime number?
True
Is 1459 a composite number?
False
Is 2248019 composite?
False
Is 5255407 prime?
True
Is 305471 prime?
True
Is 203653 composi